{"id":43,"date":"2024-01-22T10:16:37","date_gmt":"2024-01-22T09:16:37","guid":{"rendered":"https:\/\/ahmedkabbej.fr\/?page_id=43"},"modified":"2024-02-16T21:05:44","modified_gmt":"2024-02-16T20:05:44","slug":"conference","status":"publish","type":"page","link":"https:\/\/ahmedkabbej.fr\/?page_id=43","title":{"rendered":"Conference"},"content":{"rendered":"\n<p><strong>Conf\u00e9rence au LFILM &#8211; Pascal Boniface<\/strong><\/p>\n\n\n\n<div class=\"wp-block-columns is-layout-flex wp-container-core-columns-is-layout-9d6595d7 wp-block-columns-is-layout-flex\">\n<div class=\"wp-block-column is-layout-flow wp-block-column-is-layout-flow\">\n<figure class=\"wp-block-image is-resized is-style-rounded\"><img decoding=\"async\" src=\"https:\/\/static.wixstatic.com\/media\/d68089_9757c65b6a3440a28a1c14ea0dc4580b~mv2.jpg\/v1\/fill\/w_506,h_314,al_c,q_80,usm_0.66_1.00_0.01\/d68089_9757c65b6a3440a28a1c14ea0dc4580b~mv2.jpg\" alt=\"\" style=\"width:307px;height:auto\"\/><\/figure>\n<\/div>\n\n\n\n<div class=\"wp-block-column is-layout-flow wp-block-column-is-layout-flow\">\n<figure class=\"wp-block-image is-resized is-style-rounded\"><img decoding=\"async\" src=\"https:\/\/static.wixstatic.com\/media\/d68089_ec6d1d83b0f1436fbaadced2862b7386~mv2.jpg\/v1\/fill\/w_870,h_580,al_c,q_85,usm_0.66_1.00_0.01,enc_auto\/IMG_9974_JPG.jpg\" alt=\"\" style=\"width:286px;height:auto\"\/><\/figure>\n<\/div>\n<\/div>\n\n\n\n<p><strong>&nbsp;L<\/strong>e&nbsp;<strong>mercredi<\/strong><strong>&nbsp;19<\/strong><strong>&nbsp;janvier 2023<\/strong>, nous avons re\u00e7u au&nbsp;<strong>Lyc\u00e9e Fran\u00e7ais International Louis Massignon<\/strong>, le fondateur de l&rsquo;Institut de Relations Internationales et Strat\u00e9giques (<strong>IRIS<\/strong>), monsieur Pascal Boniface, g\u00e9opolitologue fran\u00e7ais.<\/p>\n\n\n\n<ul class=\"wp-block-list\">\n<li><strong>Le th\u00e8me de sa conf\u00e9rence \u00e9tait les cons\u00e9quences g\u00e9opolitiques de la guerre en Ukraine, \u00e0 l&rsquo;issue de laquelle il s&rsquo;est pr\u00eat\u00e9 au jeu de question\/r\u00e9ponse de la part des \u00e9l\u00e8ves, il s&rsquo;est ensuite&nbsp;<\/strong><strong>aimablement<\/strong><strong>&nbsp;accorder une interview aux membres de la WebRadio du LFILM.<\/strong><\/li>\n<\/ul>\n\n\n\n<p><strong>M. Mohammed Abdeljalil<\/strong>, Ministre du transport et de la logistique (2023)<\/p>\n\n\n<div class=\"wp-block-image is-style-rounded\">\n<figure class=\"aligncenter size-large is-resized\"><img loading=\"lazy\" decoding=\"async\" width=\"1024\" height=\"667\" src=\"https:\/\/ahmedkabbej.fr\/wp-content\/uploads\/2024\/02\/Screenshot-2024-02-16-at-21.05.08-1024x667.png\" alt=\"\" class=\"wp-image-274\" style=\"width:499px;height:auto\" srcset=\"https:\/\/ahmedkabbej.fr\/wp-content\/uploads\/2024\/02\/Screenshot-2024-02-16-at-21.05.08-1024x667.png 1024w, https:\/\/ahmedkabbej.fr\/wp-content\/uploads\/2024\/02\/Screenshot-2024-02-16-at-21.05.08-300x195.png 300w, https:\/\/ahmedkabbej.fr\/wp-content\/uploads\/2024\/02\/Screenshot-2024-02-16-at-21.05.08-768x500.png 768w, https:\/\/ahmedkabbej.fr\/wp-content\/uploads\/2024\/02\/Screenshot-2024-02-16-at-21.05.08.png 1032w\" sizes=\"auto, (max-width: 1024px) 100vw, 1024px\" \/><\/figure><\/div>\n\n\n<p>\u200b<\/p>\n\n\n\n<p><strong>\u200bMundiya Kepanga<\/strong>, chef papou de Papouasie-Nouvelle-Guin\u00e9e (2022)<\/p>\n\n\n\n<p>Depuis des ann\u00e9es et surtout depuis la sortie du documentaire \u00ab\u00a0Fr\u00e8re des arbres\u00a0\u00bb, r\u00e9alis\u00e9 en 2016 par Marc Dozier, lui aussi pr\u00e9sent, Mundiya Kepanga parcourt la plan\u00e8te pour alerter sur la d\u00e9forestation et l\u2019\u00e9tat des for\u00eats primaires, en portant un regard singulier sur les soci\u00e9t\u00e9s occidentales.<\/p>\n\n\n<div class=\"wp-block-image is-style-rounded\">\n<figure class=\"aligncenter is-resized\"><a href=\"https:\/\/boutique.arte.tv\/detail\/freres_arbres_appel_un_chef_papou\"><img decoding=\"async\" src=\"https:\/\/lecercledeseconomistes.fr\/wp-content\/uploads\/2018\/06\/arte-logo.png\" alt=\"arte-logo - Le Cercle des \u00e9conomistes\" style=\"width:108px;height:auto\"\/><\/a><\/figure><\/div>\n\n<div class=\"wp-block-image is-style-rounded\">\n<figure class=\"aligncenter is-resized\"><a href=\"https:\/\/freresdesarbres.com\/\"><img decoding=\"async\" src=\"https:\/\/fr.web.img6.acsta.net\/pictures\/22\/06\/15\/10\/06\/3871671.jpg\" alt=\"Fr\u00e8res des arbres - Court M\u00e9trage - AlloCin\u00e9\" style=\"width:230px;height:auto\"\/><\/a><\/figure><\/div>\n\n\n<figure class=\"wp-block-embed aligncenter is-type-video is-provider-vimeo wp-block-embed-vimeo wp-embed-aspect-16-9 wp-has-aspect-ratio\"><div class=\"wp-block-embed__wrapper\">\n<iframe loading=\"lazy\" title=\"Fr\u00e8res des arbres, l&#039;appel d&#039;un chef papou - Bande annonce\" src=\"https:\/\/player.vimeo.com\/video\/143121066?dnt=1&amp;app_id=122963\" width=\"750\" height=\"422\" frameborder=\"0\" allow=\"autoplay; fullscreen; picture-in-picture\"><\/iframe>\n<\/div><\/figure>\n","protected":false},"excerpt":{"rendered":"<p>Conf\u00e9rence au LFILM &#8211; Pascal Boniface &nbsp;Le&nbsp;mercredi&nbsp;19&nbsp;janvier 2023, nous avons re\u00e7u au&nbsp;Lyc\u00e9e Fran\u00e7ais International Louis Massignon, le fondateur de l&rsquo;Institut de Relations Internationales et Strat\u00e9giques (IRIS), monsieur Pascal Boniface, g\u00e9opolitologue fran\u00e7ais. M. Mohammed Abdeljalil, Ministre du transport et de la logistique (2023) \u200b \u200bMundiya Kepanga, chef papou de Papouasie-Nouvelle-Guin\u00e9e (2022) Depuis des ann\u00e9es et surtout&hellip; <a class=\"more-link\" href=\"https:\/\/ahmedkabbej.fr\/?page_id=43\">Poursuivre la lecture <span class=\"screen-reader-text\">Conference<\/span><\/a><\/p>\n","protected":false},"author":1,"featured_media":0,"parent":0,"menu_order":0,"comment_status":"closed","ping_status":"closed","template":"","meta":{"footnotes":""},"class_list":["post-43","page","type-page","status-publish","hentry","entry"],"_links":{"self":[{"href":"https:\/\/ahmedkabbej.fr\/index.php?rest_route=\/wp\/v2\/pages\/43","targetHints":{"allow":["GET"]}}],"collection":[{"href":"https:\/\/ahmedkabbej.fr\/index.php?rest_route=\/wp\/v2\/pages"}],"about":[{"href":"https:\/\/ahmedkabbej.fr\/index.php?rest_route=\/wp\/v2\/types\/page"}],"author":[{"embeddable":true,"href":"https:\/\/ahmedkabbej.fr\/index.php?rest_route=\/wp\/v2\/users\/1"}],"replies":[{"embeddable":true,"href":"https:\/\/ahmedkabbej.fr\/index.php?rest_route=%2Fwp%2Fv2%2Fcomments&post=43"}],"version-history":[{"count":8,"href":"https:\/\/ahmedkabbej.fr\/index.php?rest_route=\/wp\/v2\/pages\/43\/revisions"}],"predecessor-version":[{"id":276,"href":"https:\/\/ahmedkabbej.fr\/index.php?rest_route=\/wp\/v2\/pages\/43\/revisions\/276"}],"wp:attachment":[{"href":"https:\/\/ahmedkabbej.fr\/index.php?rest_route=%2Fwp%2Fv2%2Fmedia&parent=43"}],"curies":[{"name":"wp","href":"https:\/\/api.w.org\/{rel}","templated":true}]}}