{"id":39,"date":"2024-01-22T10:15:47","date_gmt":"2024-01-22T09:15:47","guid":{"rendered":"https:\/\/ahmedkabbej.fr\/?page_id=39"},"modified":"2024-02-02T13:33:29","modified_gmt":"2024-02-02T12:33:29","slug":"ux-ui-and-web-dev","status":"publish","type":"page","link":"https:\/\/ahmedkabbej.fr\/?page_id=39","title":{"rendered":"Ux\/UI And Web Dev"},"content":{"rendered":"<div class=\"wp-block-image is-style-rounded\">\n<figure class=\"alignright is-resized\"><a href=\"https:\/\/ahmedkabbej.fr\/?page_id=157\"><img decoding=\"async\" src=\"https:\/\/www.nicepng.com\/png\/full\/246-2461230_fleche-gauche-fleche-droite-carroubot1-carroubot2-flche-blanche.png\" alt=\"Download HD Fleche Gauche Fleche Droite Carroubot1 Carroubot2 - Fl\u00e8che  Blanche Droite Png Transparent PNG Image - NicePNG.com\" style=\"width:25px;height:auto\"\/><\/a><\/figure><\/div>\n\n<div class=\"wp-block-image\">\n<figure class=\"aligncenter size-full is-resized\"><a href=\"https:\/\/www.gobelins.fr\/\"><img loading=\"lazy\" decoding=\"async\" width=\"320\" height=\"226\" src=\"https:\/\/ahmedkabbej.fr\/wp-content\/uploads\/2024\/01\/logo-1.png\" alt=\"\" class=\"wp-image-128\" style=\"width:292px;height:auto\" srcset=\"https:\/\/ahmedkabbej.fr\/wp-content\/uploads\/2024\/01\/logo-1.png 320w, https:\/\/ahmedkabbej.fr\/wp-content\/uploads\/2024\/01\/logo-1-300x212.png 300w\" sizes=\"auto, (max-width: 320px) 100vw, 320px\" \/><\/a><\/figure><\/div>\n\n\n<p><\/p>\n\n\n\n<p class=\"has-text-align-center\">Je poss\u00e8de une expertise dans l&rsquo;utilisation de logiciels tels<br>qu&rsquo;Illustrator, Photoshop et Visual Studio Code. Ma ma\u00eetrise<br>de ces outils me permet de cr\u00e9er des compositions visuelles<br>et des illustrations de haute qualit\u00e9, ainsi que de concevoir<br>des interfaces utilisateur intuitives et esth\u00e9tiquement<br>attrayantes. De plus, j&rsquo;ai eu l&rsquo;opportunit\u00e9 de mettre en<br>pratique ces comp\u00e9tences en participant \u00e0 des projets de<br>refonte d&rsquo;identit\u00e9s graphiques. J&rsquo;ai notamment travaill\u00e9 sur la<br>r\u00e9vision de typographies, le choix de palettes de couleurs<br>harmonieuses et la cr\u00e9ation de visuels qui refl\u00e8tent l&rsquo;essence<br>et les valeurs des marques concern\u00e9es. Cette exp\u00e9rience m&rsquo;a<br>permis d&rsquo;approfondir ma compr\u00e9hension des besoins en<br>design graphique et de d\u00e9velopper une sensibilit\u00e9 artistique<br>qui me permet de proposer des solutions visuelles pertinentes et impactantes<\/p>\n\n\n\n<div class=\"wp-block-columns is-layout-flex wp-container-core-columns-is-layout-9d6595d7 wp-block-columns-is-layout-flex\">\n<div class=\"wp-block-column is-layout-flow wp-block-column-is-layout-flow\">\n<figure class=\"wp-block-image size-full\"><img loading=\"lazy\" decoding=\"async\" width=\"720\" height=\"341\" src=\"https:\/\/ahmedkabbej.fr\/wp-content\/uploads\/2024\/01\/media_1fa8e1e0ac21d8c3414a42022ebae7d0bc0dbe61e-1.png\" alt=\"\" class=\"wp-image-163\" srcset=\"https:\/\/ahmedkabbej.fr\/wp-content\/uploads\/2024\/01\/media_1fa8e1e0ac21d8c3414a42022ebae7d0bc0dbe61e-1.png 720w, https:\/\/ahmedkabbej.fr\/wp-content\/uploads\/2024\/01\/media_1fa8e1e0ac21d8c3414a42022ebae7d0bc0dbe61e-1-300x142.png 300w\" sizes=\"auto, (max-width: 720px) 100vw, 720px\" \/><\/figure>\n<\/div>\n\n\n\n<div class=\"wp-block-column is-layout-flow wp-block-column-is-layout-flow\"><div class=\"wp-block-image\">\n<figure class=\"aligncenter is-resized\"><img decoding=\"async\" src=\"https:\/\/upload.wikimedia.org\/wikipedia\/commons\/thumb\/9\/9a\/Visual_Studio_Code_1.35_icon.svg\/1200px-Visual_Studio_Code_1.35_icon.svg.png\" alt=\"Visual Studio Code \u2014 Wikip\u00e9dia\" style=\"width:80px;height:auto\"\/><\/figure><\/div><\/div>\n\n\n\n<div class=\"wp-block-column is-layout-flow wp-block-column-is-layout-flow\">\n<figure class=\"wp-block-image is-resized\"><img decoding=\"async\" src=\"https:\/\/upload.wikimedia.org\/wikipedia\/commons\/3\/33\/Figma-logo.svg\" alt=\"Figma \u2014 Wikip\u00e9dia\" style=\"width:53px;height:auto\"\/><\/figure>\n<\/div>\n<\/div>\n\n\n\n<p><\/p>\n\n\n\n<p><\/p>\n\n\n\n<p><\/p>\n","protected":false},"excerpt":{"rendered":"<p>Je poss\u00e8de une expertise dans l&rsquo;utilisation de logiciels telsqu&rsquo;Illustrator, Photoshop et Visual Studio Code. Ma ma\u00eetrisede ces outils me permet de cr\u00e9er des compositions visuelleset des illustrations de haute qualit\u00e9, ainsi que de concevoirdes interfaces utilisateur intuitives et esth\u00e9tiquementattrayantes. De plus, j&rsquo;ai eu l&rsquo;opportunit\u00e9 de mettre enpratique ces comp\u00e9tences en participant \u00e0 des projets derefonte&hellip; <a class=\"more-link\" href=\"https:\/\/ahmedkabbej.fr\/?page_id=39\">Poursuivre la lecture <span class=\"screen-reader-text\">Ux\/UI And Web Dev<\/span><\/a><\/p>\n","protected":false},"author":1,"featured_media":0,"parent":0,"menu_order":0,"comment_status":"closed","ping_status":"closed","template":"","meta":{"footnotes":""},"class_list":["post-39","page","type-page","status-publish","hentry","entry"],"_links":{"self":[{"href":"https:\/\/ahmedkabbej.fr\/index.php?rest_route=\/wp\/v2\/pages\/39","targetHints":{"allow":["GET"]}}],"collection":[{"href":"https:\/\/ahmedkabbej.fr\/index.php?rest_route=\/wp\/v2\/pages"}],"about":[{"href":"https:\/\/ahmedkabbej.fr\/index.php?rest_route=\/wp\/v2\/types\/page"}],"author":[{"embeddable":true,"href":"https:\/\/ahmedkabbej.fr\/index.php?rest_route=\/wp\/v2\/users\/1"}],"replies":[{"embeddable":true,"href":"https:\/\/ahmedkabbej.fr\/index.php?rest_route=%2Fwp%2Fv2%2Fcomments&post=39"}],"version-history":[{"count":14,"href":"https:\/\/ahmedkabbej.fr\/index.php?rest_route=\/wp\/v2\/pages\/39\/revisions"}],"predecessor-version":[{"id":256,"href":"https:\/\/ahmedkabbej.fr\/index.php?rest_route=\/wp\/v2\/pages\/39\/revisions\/256"}],"wp:attachment":[{"href":"https:\/\/ahmedkabbej.fr\/index.php?rest_route=%2Fwp%2Fv2%2Fmedia&parent=39"}],"curies":[{"name":"wp","href":"https:\/\/api.w.org\/{rel}","templated":true}]}}